lculate n(8).
6
Let l(j) be the first derivative of -j**4/4 - j**3 + 3*j**2/2 + 3*j + 1405. Give l(-4).
7
Let m(v) be the second derivative of v**3 + 3*v + 251. Give m(14).
84
Let y(n) = n**3 - 7*n**2 + 1. Suppose 4*r + 22 = 110. Suppose -2*d = b + 27, d = -18*b + 19*b - 18. Let o = r + d. Determine y(o).
1
Let m(k) = -k**3 - 2*k**2 + 3*k - 4. Suppose -31*a - 34*a = 78*a + 21*a. What is m(a)?
-4
Let d(h) be the third derivative of h**5/120 - 137*h**3/6 + 40*h**2 - h. Let k(c) be the first derivative of d(c). Let t = 2 + -4. Calculate k(t).
-2
Let x(i) = -i**2 - 12*i - 11. Let p(g) be the third derivative of g**5/20 + 3*g**4/2 + 11*g**3/2 + 18*g**2 - 1. Let s(l) = 3*p(l) + 8*x(l). Determine s(-8).
-21
Let d(f) be the second derivative of f**3/6 + 3*f**2 + 26*f + 150. Suppose 0 = -q + 4 - 17. What is d(q)?
-7
Let z(s) = -4*s + 7*s**2 - 17*s**2 - 5*s - 3 + 2*s + 4*s. Give z(-2).
-37
Suppose b + b = -52. Let h = b + 29. Let n(p) = 0 + 4*p**2 - 5*p**2 - h - 6*p. What is n(-6)?
-3
Let y = 8 + -3. Let i(c) = c**3 - 5*c**2 - 21*c + 10. Let j be i(-3). Let f(d) = 0 - j + 3*d**3 + 15743*d - 6 - 15739*d - 6*d**2 - 2*d**3. Determine f(y).
-12
Let o(v) = v. Suppose 4*n = 5*u + 101, -9*u = -4*n - 10*u + 71. Suppose 4*r = x - n, r = -x + 2*x - 7. Give o(x).
3
Let h = 152 + -150. Let d(c) = h*c**2 - c - 42 - c**2 + 34. What is d(7)?
34
Suppose -8*g + 328 = 288. Let p(k) be the first derivative of -k**5/120 + k**4/2 - 8*k**3/3 + 3. Let u(c) be the third derivative of p(c). What is u(g)?
7
Let w(j) = 3*j**3 + 11*j**2 - 13*j + 24. Let c(x) = -8*x**3 - 23*x**2 + 27*x - 53. Let k(v) = 2*c(v) + 5*w(v). Calculate k(8).
-10
Let q(d) be the second derivative of d**4/24 + d**3 + 9*d**2 + 12*d. Let p(u) be the first derivative of q(u). Suppose 16*c = 46 - 174. What is p(c)?
-2
Let w(q) = 6*q**3 - 20*q**2 + 3*q - 5. Let p(j) = 5*j**3 - 18*j**2 + 3*j - 5. Let u(s) = 7*p(s) - 6*w(s). Suppose 0 = -3*o + 5*o + 12. What is u(o)?
-23
Let t(o) = o**3 - 3*o**2 - 3*o + 2. Let w be 6/(-30) - 156/20. Let u(r) = 2*r**3 - 6*r**2 - 9*r + 6. Let b(n) = w*t(n) + 3*u(n). Determine b(4).
-42
Let y(u) = 54*u**3 + u**2 - 2*u - 2. Let m(w) = -w**3 + 32*w**2 - 4*w + 127. Let d be m(32). Calculate y(d).
-53
Let o(n) be the second derivative of -n**5/20 + 13*n**4/6 - 3*n**3 - 87*n**2 + 9762*n. Give o(25).
1
Suppose 2*c - 5 = 7*c - 4*a, 2*c = -2*a + 16. Let b(w) be the first derivative of -1 + 0*w - 1/2*w**2. What is b(c)?
-3
Let k(x) be the second derivative of -x**3/2 - 97*x**2/2 - 820*x - 4. Determine k(-18).
-43
Let j(v) = -v**3 - 6*v**2 - 4*v + 6. Suppose -2*y + 6*b = 3*b - 373, -2*y = -2*b - 370. Suppose -9*r + y = 5*r. Suppose -2*p - r = -3. What is j(p)?
1
Let d(l) = -l. Let o(a) = -7*a. Let v be 6/(2/(-2 - 0)). Let b(p) = v*d(p) + o(p). Let k be (53 - 44)/((-27)/(-6)). What is b(k)?
-2
Let v(o) = -o + 53. Let q(w) = -5*w + 299. Let r(p) = 6*q(p) - 33*v(p). Determine r(-12).
9
Suppose -82*x + 554 = -162*x + 234. Let g(v) = 0*v - 5*v + v**3 + 0 - 4 + 4*v**2. Determine g(x).
16
Let o(i) = 2*i**3 - i**2 - 2*i. Let g(d) = 2*d**2 + 5*d - 22. Let x be g(-6). Suppose 0 = -5*p - x + 10. Give o(p).
-16
Suppose 0 = 13*n + 147 - 394. Suppose -22*d - 129 = -n. Let h(p) = p**3 + 4*p**2 - 2*p + 5. What is h(d)?
-10
Let z(y) = 78*y. Let q(x) be the second derivative of -11*x**3/6 + 2*x. Let p(n) = -15*q(n) - 2*z(n). Suppose 260*m + 127 - 907 = 0. Give p(m).
27
Let v(g) be the third derivative of g**5/60 + g**4/6 - 2*g**3/3 - g**2. Suppose 200 = 162*n - 154*n. Suppose 0 = 2*b - n + 33. Calculate v(b).
-4
Let j be (3/12)/(2/16). Suppose j*w + 77 - 69 = 0. Let r(q) = q**2 + 2*q - 2. Determine r(w).
6
Let l(s) = -78*s + 12. Let g(b) = -14*b - 1. Let h(v) = 6*g(v) - l(v). Calculate h(-8).
30
Let g(c) = 122 - 109*c + 5*c + 64*c. What is g(3)?
2
Let p(u) be the third derivative of 5*u**4/8 + 113*u**3/3 - 2*u**2 + 367*u + 4. Give p(-15).
1
Let x = 0 + 2. Suppose 0 = -2*d - 3*k - x, 7 + 2 = 5*d + 4*k. Let n(j) be the second derivative of j**3/3 - 2*j**2 + 3425*j. Calculate n(d).
6
Let g(n) = n - 1. Suppose 3 = s - 9. Suppose s*i - 13*i = 0. Suppose -3*h - 38 + 41 = i. Give g(h).
0
Let t = -17 + 17. Let h(r) = 0*r**3 + r**3 - 3*r**2 + 7 + 7 - r + 3. Let n(k) = k**3 - 4*k**2 - k + 17. Let w(g) = 5*h(g) - 4*n(g). Determine w(t).
17
Let c(l) = 2*l**3 - 8*l**2 + 13*l - 4. Let h(t) = -4*t**3 + t**2 - 5*t. Let j(p) = c(p) + 2*h(p). Determine j(-3).
95
Suppose x + 51 - 626 = -2*n, -2*x + 2 = 0. Suppose n*y = 290*y + 9. Let z(i) = -23*i**2 - i**3 + 2*i**3 + 2*i + 27*i**2 - 4. What is z(y)?
-1
Let q(y) = y**2 + 12*y - 6. Let r(j) be the first derivative of -j**4/4 - 8*j**3/3 - j**2/2 - 20*j - 50. Let m be r(-8). What is q(m)?
-6
Let b(n) = 2*n + 9. Let h be (-124)/(-9) - (-4 - (-272)/72). Let x be (-3 + h/6)/(40/420). Calculate b(x).
-5
Suppose 2555 = 5*b + 3*o + 2517, -4*o - 3 = -b. Let n(j) = -13*j + 70. Calculate n(b).
-21
Let b(d) be the first derivative of d**6/360 + 11*d**5/120 + 5*d**4/24 - 163*d**3/3 - 115. Let p(i) be the third derivative of b(i). What is p(-12)?
17
Let j be (-88)/12 + 2/6. Let g(p) be the first derivative of -p**3/3 - 5*p**2 + 2*p + 12547. Determine g(j).
23
Let v(c) = c**3 + 3*c**2 - 30*c - 15. Let l be v(-7). Let k(d) = -4*d**2 - d - 2*d**2 - 1 - 2*d**2 - 7*d**2. Give k(l).
-15
Suppose 7*q + 189 = 5*r + 3*q, -141 = -5*r - 4*q. Let x(t) = -18*t + 590. Calculate x(r).
-4
Let a(t) be the second derivative of t**5/10 - t**4 - 8*t**3/3 - 5*t**2/2 + 16*t - 56. What is a(7)?
-19
Let g(v) = -v**2 + 31*v + 45. Let u(w) = -3*w**2 + 2*w - 1. Let r(y) = -g(y) + u(y). Calculate r(-2).
4
Let n(s) = -4*s - 67. Let w be n(-14). Let m(h) = -5*h**2 + 4*h - 1. Let b(v) = 9*v**2 - 8*v + 2. Let x(j) = w*m(j) - 6*b(j). Determine x(-4).
-1
Let p(s) be the first derivative of 2*s**2 - 14*s + 200. Let d be p(3). Let x(n) = 3*n - 4. Determine x(d).
-10
Let q(x) be the second derivative of 1/30*x**5 + 0 - 1/2*x**3 + 1/12*x**4 - x**2 - 7*x. Let r(v) be the first derivative of q(v). Give r(2).
9
Let z(b) = b**3 - 4*b**2 + 3*b - 5. Let g = -91 + 123. Suppose g*y - 72 = 29*y. Suppose p + 5*p - y = 0. Calculate z(p).
7
Let h(z) = 5*z**2 + 268988*z**3 - 134495*z**3 - 134492*z**3 - 8 + 4*z. Give h(-4).
-8
Let j(m) = -39*m - 104. Suppose -37 = 4*n - 5*b, -n + 4*n + 24 = 3*b. Give j(n).
13
Let u(r) = -r**3 - 7*r**2 - 7*r. Let d(y) = -5*y**3 + 38*y**2 - 26*y - 129. Let j(n) = -d(n) + 4*u(n). Give j(66).
-3
Let d(p) = -p**2 + 9*p - 3. Suppose j - 14 = -h, 17*h = 12*h + j + 94. Suppose -8*k = -74 + h. Give d(k).
11
Let l(w) = 118*w + 223. Let q(v) = 444*v + 894. Let x(i) = 15*l(i) - 4*q(i). Give x(-35).
-21
Let u be ((-112)/(-16))/((10/(-25))/((-6)/(-15))). Let b(x) = -x**3 - 6*x**2 + x - 3. Calculate b(u).
39
Let t = 184 - 181. Let l(b) = -8*b + 3 + 9*b - 6*b**2 - 5 - 3*b - b**t. Calculate l(-6).
10
Let n(f) = 11*f - 61. Let v be -8 - ((-2)/(-3))/((-148)/2886). Determine n(v).
-6
Let m(v) = 222*v - v**3 - 9 + 222*v - 7*v**2 - 889*v + 217*v + 222*v. Give m(-6).
-9
Let z be (-1736)/(-6) + 4/((-144)/12). Let r = z + -280. Let x(l) = -3*l + 19. Calculate x(r).
-8
Let y(g) be the second derivative of 1/3*g**3 - 1/10*g**5 + 0*g**4 - g - 3 + 1/2*g**2. Let c be (-1)/(-2) + 9/(-6). Determine y(c).
1
Let p(r) = -38*r**2 - 611*r - 36. Let i be p(-16). Let v(k) = k**3 - 11*k**2 - 7*k - 12. What is v(i)?
48
Let i be -1 - (-2 - 2 - 4). Suppose -i*z + 45 = -74. Suppose -2*u - 25 + z = 0. Let l(y) = -y**2 - 3*y + 4. Calculate l(u).
0
Let n(a) = -14*a**2 + 18*a - 21. Let z(k) = -k**3 - 13*k**2 + 19*k - 21. Let h(q) = -3*n(q) + 2*z(q). Determine h(7).
7
Let v = 78 - 110. Let x = -28 - v. Let f(d) = 9*d + 2*d + x - 2*d**2 + d**2 - 14*d. Give f(-6).
-14
Let a(i) = 4*i + 3 + 2*i - 7*i - 3 + 4. Suppose 5*r + g - 70 = 0, 0*r - 3*g = 4*r - 56. Suppose -r*c + 21 = -11*c. What is a(c)?
-3
Let x = -40 + 70. Suppose y - x = 6*y. Let w(m) be the second derivative of m**3/6 + 3*m**2/2 - 142*m - 1. Calculate w(y).
-3
Let z(b) = -43*b**2 + 17*b + 3. Let r(l) = -26*l**2 + 9*l + 1. Let x(f) = -5*r(f) + 3*z(f). Calculate x(-5).
-1
Suppose 46*z - 54*z - 8 = 0. Let g(w) = -7*w - 2. Let b be g(-1). Let j(u) = -u + 1. Let v(r) = -2*r + 6. Let h(k) = b*j(k) - v(k). Give h(z).
2
Let l(s) = 1. Let w(t) = t**2 - 12*t + 6. Let a(j) = -6*l(j) - w(j). Suppose -5134*o + 